7 - 16, -10 = 4*h - 2*i. Let m(k) = 2*k**2 + 4*k - 6. Let u be m(h). Let z(x) = x**2 - 7*x + 4. What is the tens digit of z(u)?
3
Let o(m) = m**3 + 4*m**2 + 7*m + 4. Let a be o(-7). What is the tens digit of 1*-5*a/20?
4
Let m be (-3)/9*(1 - 166). Suppose z = 6*z - m. Let a = 12 + z. What is the units digit of a?
3
Let u be (-12)/(-2)*4/(-4). What is the units digit of -213*(4 + 26/u)?
1
Let k(g) = 1 - 45*g + 5 - 9. What is the tens digit of k(-3)?
3
Suppose i - 204 = 4*r - 0*r, -5*i + 2*r = -966. Suppose t + 3*t - i = 0. What is the units digit of t?
8
Let u(m) = 7*m + 6. Let l = 3 + 5. What is the units digit of u(l)?
2
Let o(i) = -i**2 - 4 - 3 + 7*i - 4 + 5. Let y be o(6). Suppose y*p = 3*p - 6. What is the units digit of p?
2
Let m(u) be the third derivative of u**6/30 - u**5/20 - u**4/24 + 19*u**2. What is the units digit of m(3)?
8
Suppose -1304 = -l + 3112. What is the hundreds digit of l?
4
Let n(f) = -121*f - 14. What is the tens digit of n(-4)?
7
Suppose -7*v - 329 + 1925 = 0. Suppose v = 17*h - 14*h. What is the units digit of h?
6
Let m(z) = 4*z - 39. Let n be m(15). Suppose -81 = -10*u - n. What is the units digit of u?
6
Let u(t) = 24*t**3 + 6*t + 4. Let p(q) = 12*q**3 + 3*q + 2. Let c(v) = -13*p(v) + 6*u(v). What is the tens digit of c(-2)?
0
Suppose -4*x + 45 = -3*x. Suppose -2*c - x = -5*c. What is the units digit of 85/c*(-2 - -5)?
7
Let k = 204 - 133. Suppose -7*l + 342 = -k. What is the tens digit of l?
5
Let v(o) = -o**2 + 7*o - 1. Let p be v(6). Suppose 2*y + 6 = 4*r, 0 = -4*y + p + 15. What is the units digit of (34/r)/(6/12)?
7
Suppose 0 = -4*n - q + 2, 2*n - 5*q + 4*q = 4. Let i be (2 + -1)*2/n. Suppose i*l + 4*m - 40 = 0, -5*m - 39 - 43 = -3*l. What is the tens digit of l?
2
Let l(m) = 13*m**2 - 52*m + 15. What is the hundreds digit of l(-7)?
0
Suppose 38 = 5*o - 212. Let s be (-1)/((-20)/(-8))*-10. Suppose -m - s*m = -o. What is the tens digit of m?
1
Suppose 4*d - h - 36 = -166, 0 = 5*d - h + 162. Let j = -36 - d. What is the tens digit of (-5*12)/(6/j)?
4
Suppose 0 = -0*y - 5*y + 15. Suppose -f = 2*z - 3, 5*f + 8 = f - y*z. Let a = f - -13. What is the units digit of a?
8
Let v(j) = 2*j**2 - 2*j - 2. Let s be v(2). Suppose n = -s*k + 9, -n + 4*k = 5*k - 10. What is the tens digit of n?
1
Let p(a) be the third derivative of 10*a**2 + 7/12*a**4 + 0*a - a**3 + 0. What is the units digit of p(5)?
4
Suppose 5*g = g + 4, n - g - 155 = 0. Let q = n + -89. What is the tens digit of q?
6
Suppose -6*h + 2*h + 16 = 0. Suppose h = 3*k - 2. Suppose q - 2 = k. What is the units digit of q?
4
Let m be -22*(42/(-9))/((-4)/(-42)). Suppose m = 7*i + 273. What is the tens digit of i?
1
Suppose y = p - 5, -p - y + 1 = -4. Let c(k) = 21*k - 12. What is the units digit of c(p)?
3
Let y(b) = 7*b**3 - 7*b**3 - 1 + b**3 + 11*b**2 + 7. What is the units digit of y(-11)?
6
Suppose 2*v + v - 603 = 0. Let j = -142 + v. What is the units digit of j?
9
Suppose -3*n + 10514 = -k, -4*k + 1 + 3 = 0. What is the tens digit of n?
0
Let u(r) = 130*r - 17. What is the units digit of u(4)?
3
Suppose 5*x - 4*r = 10107, 2*x + 2*r - 1677 = 2355. What is the units digit of x?
9
Let c(w) = 11*w - 250. What is the hundreds digit of c(40)?
1
Let f be (0 - (119 - 1))/((-50)/25). Suppose 4*z - f = 9. What is the tens digit of z?
1
Let c(x) = 106*x**2 - 69*x - 22. What is the hundreds digit of c(-5)?
9
Suppose 319 = -2*k + 5*c + 1417, 2*k = c + 1106. What is the tens digit of k?
5
Let t(y) = y - 1. Suppose 16 = -0*h + 4*h. Let n be t(h). Suppose 4*i - 14 - 18 = -n*b, 0 = -5*i - 2*b + 40. What is the units digit of i?
8
Let u(v) = 2*v + 98. Let s be u(9). Let f = -81 + s. What is the tens digit of f?
3
Suppose r = -16*r + 102. What is the units digit of r?
6
Let l(q) be the third derivative of -q**6/120 - q**5/20 + q**4/8 + 3*q**3/2 + 37*q**2 - 3. Suppose 7*d + 20 = 2*d. What is the units digit of l(d)?
3
Let j(y) = 2*y**2 + 20*y + 194. What is the units digit of j(-14)?
6
Let x = -2688 - -4615. What is the hundreds digit of x?
9
Let t(j) = 21*j**2 + 19*j + 93. What is the hundreds digit of t(-5)?
5
Suppose 0 = -3*v - 0*v. Suppose -2*x + v = -8. Let y(j) = 6*j + 5. What is the units digit of y(x)?
9
Suppose c + c + 4 = 0. Let r = 4 + c. Suppose 0 = 2*d + 3*s - 41, -s + r*s = -d + 21. What is the units digit of d?
2
Let u(r) = 5*r**2 + 3*r. Let n be u(4). Let s be n*((-4)/(-8) + 0). Let x = 81 - s. What is the units digit of x?
5
What is the hundreds digit of 9/(-12) - ((-155309)/28 + -7)?
5
Let j = 1324 + 435. What is the hundreds digit of j?
7
Suppose 0 = 2*u + 12 - 20. Suppose 0 = u*w - 195 - 585. What is the units digit of w?
5
Let y be -2 + 72/(-3 - 1). What is the tens digit of 792/10 - (-4)/y?
7
Suppose 721*g + 15245 = 726*g. What is the hundreds digit of g?
0
Let m(o) = 3*o**2 - 15. Let d be m(7). Suppose -2*p + d + 78 = 0. What is the tens digit of p?
0
Suppose d = 3*d + 88. Let h be 12*(d/(-12) + -3). What is the tens digit of ((-352)/h)/(2/(-2))?
4
Let b(l) = -1. Let f(k) = k**2 - 8*k + 5. Let d(x) = 3*b(x) - f(x). Let p be d(7). What is the tens digit of -5 + 9 - (p + -35)?
4
Let h be 106/6 - 28/(-21). Suppose 331 = 4*b + h. What is the tens digit of b?
7
Suppose 18 = 6*k + 294. What is the tens digit of (-5 + 4)*-2 - k?
4
Suppose -292 = 2*l - 3932. What is the units digit of l?
0
Let i = -9 + 9. Let r = i + -4. What is the units digit of 22 + (r - -1 - -2)?
1
What is the tens digit of 7*8/168 + (-83)/(-3)?
2
Let o(d) = -d**2 - 6*d - 9. Suppose -4*i = b + 30, 17 = -3*i - 4*b + 1. Let n be o(i). Let c = n - -56. What is the tens digit of c?
3
Let k(c) = -3*c - 17. Let f be k(15). Let j = 115 + f. What is the tens digit of j?
5
Suppose -5*u = 6*u + 121. What is the units digit of (-15560)/(-88) + (-2)/u?
7
Suppose 0 = 2*j - 4*j - 24. What is the units digit of (28/j - -2)*-39?
3
What is the hundreds digit of 10*(2/(-4) + (-67)/(-2))?
3
Let u = -15 - -17. Suppose 0*d - u*d = 84. Let m = 91 + d. What is the tens digit of m?
4
Let p be -3 + 1 + 2 + 5. Suppose -5*z + 3*s + 770 = 200, 570 = p*z + 4*s. What is the hundreds digit of z?
1
Suppose 4*w - 9115 = 5*u + 1222, 0 = 2*w + u - 5165. What is the thousands digit of w?
2
Let f(h) = -2*h + 33 - h + 7*h - h. What is the tens digit of f(-5)?
1
Let c = -29 + 32. Suppose -c*w - w + 384 = 0. What is the units digit of w?
6
What is the units digit of 40/((-9)/13671*-14)?
0
Suppose 4626 = 2*z + 2*b, -2*b - 4036 = 4*z - 13280. What is the units digit of z?
9
Let l(z) = 56*z**3 + 11*z**2 + 5*z + 4. Let p(v) = 37*v**3 + 7*v**2 + 3*v + 3. Let u(j) = -5*l(j) + 8*p(j). What is the tens digit of u(2)?
3
Let i = 0 + 4. Suppose -i*r = -5*h - 44, 5*h - 7 = -5*r + 3. Suppose 9*b = r*b + 24. What is the units digit of b?
8
Let q = -2 + 4. Let c(l) = -5*l + 10 + 7*l + 5*l + l**q. What is the units digit of c(-8)?
8
Let f(v) = -v**2 - 53*v + 23. What is the tens digit of f(-25)?
2
Let z(w) = -w**2 - 16*w + 5. Let r(k) = -3*k + 1. Let l(j) = 10*j**2 + 1. Let g be l(1). Let y(s) = g*r(s) - 2*z(s). What is the units digit of y(2)?
7
Suppose -7*o = -0*o. Suppose 4*q + 2*x + 476 = x, -5*q - 4*x - 584 = o. What is the tens digit of (38/8)/((-10)/q)?
5
Suppose 30*l = 3022 + 19508. What is the hundreds digit of l?
7
Suppose -334 = -3*o + 5*r, -5*r = -r + 8. Let d = o - 72. What is the units digit of d?
6
Let f(r) = 52*r + 16. What is the units digit of f(10)?
6
Let w = 1865 + -1669. What is the hundreds digit of w?
1
Let j be 2 + -2 - (-7 + 7). Suppose -2*l + 3*l - 4*q - 41 = j, 0 = 2*l - 5*q - 70. What is the tens digit of l?
2
Let g = -823 - -1365. What is the tens digit of g?
4
Suppose -4*m = -4*x + 672, 3*m - 464 = -3*x - 2*m. Suppose 0 = 8*p + 254 + 546. Let o = p + x. What is the tens digit of o?
6
Suppose 5*a - 91 = -k + 106, 2*k = -2*a + 410. What is the hundreds digit of k?
2
Let p(x) = 4*x - 87. What is the tens digit of p(33)?
4
Suppose 63 + 41 = 4*h. Let d be (-4)/h + (-24)/(-156). Suppose k = 3*o + 12, 3*k = -d*o + 3*o + 60. What is the units digit of k?
4
Let n(t) = t**3 + 21 - 10 - 2 - 7 + 6*t + 8*t**2. Let g(b) = b**3 - 7*b**2 - b + 2. Let l be g(7). What is the tens digit of n(l)?
4
Let d = 1883 + 1214. What is the hundreds digit of d?
0
Suppose 2*c - 3849 = -r, -4*r + 6102 = 3*c - 9294. What is the units digit of r